587252?
5
What is the units digit of 31278918?
8
What is the ten thousands digit of 28048?
2
What is the tens digit of 1157179?
7
What is the thousands digit of 54993?
4
What is the thousands digit of 219550?
9
What is the tens digit of 2120997?
9
What is the units digit of 273886?
6
What is the tens digit of 2994121?
2
What is the hundreds digit of 7312226?
2
What is the thousands digit of 276984?
6
What is the tens digit of 220029?
2
What is the ten thousands digit of 975003?
7
What is the thousands digit of 657310?
7
What is the hundred thousands digit of 24277922?
2
What is the units digit of 180474?
4
What is the units digit of 490171?
1
What is the thousands digit of 9700802?
0
What is the hundred thousands digit of 6050702?
0
What is the thousands digit of 33092780?
2
What is the thousands digit of 85587?
5
What is the hundred thousands digit of 404144?
4
What is the tens digit of 1254102?
0
What is the tens digit of 50466?
6
What is the units digit of 3800381?
1
What is the tens digit of 477894?
9
What is the tens digit of 37767?
6
What is the ten thousands digit of 881199?
8
What is the units digit of 186847?
7
What is the tens digit of 140030?
3
What is the millions digit of 6344286?
6
What is the tens digit of 1196897?
9
What is the hundreds digit of 280711?
7
What is the hundred thousands digit of 11016721?
0
What is the ten thousands digit of 3467904?
6
What is the ten thousands digit of 7146723?
4
What is the millions digit of 14673027?
4
What is the tens digit of 3692467?
6
What is the thousands digit of 829853?
9
What is the units digit of 1548337?
7
What is the tens digit of 233009?
0
What is the hundreds digit of 476359?
3
What is the tens digit of 15504374?
7
What is the ten thousands digit of 215383?
1
What is the tens digit of 8859964?
6
What is the millions digit of 13687608?
3
What is the hundred thousands digit of 5711299?
7
What is the thousands digit of 323480?
3
What is the units digit of 11647016?
6
What is the units digit of 58752?
2
What is the hundred thousands digit of 4730805?
7
What is the millions digit of 1418725?
1
What is the tens digit of 5573086?
8
What is the tens digit of 259036?
3
What is the ten thousands digit of 694223?
9
What is the ten millions digit of 22424090?
2
What is the hundred thousands digit of 157004?
1
What is the thousands digit of 16638411?
8
What is the ten thousands digit of 1557061?
5
What is the millions digit of 11611981?
1
What is the hundreds digit of 2763455?
4
What is the ten thousands digit of 5097768?
9
What is the hundred thousands digit of 219565?
2
What is the hundreds digit of 629127?
1
What is the hundred thousands digit of 3340584?
3
What is the thousands digit of 142996?
2
What is the thousands digit of 1288989?
8
What is the hundreds digit of 232082?
0
What is the tens digit of 220434?
3
What is the units digit of 278646?
6
What is the hundred thousands digit of 740245?
7
What is the ten thousands digit of 252382?
5
What is the hundreds digit of 289647?
6
What is the units digit of 206381?
1
What is the hundred thousands digit of 3494639?
4
What is the millions digit of 3931516?
3
What is the hundreds digit of 248230?
2
What is the ten thousands digit of 15779657?
7
What is the hundreds digit of 5184553?
5
What is the ten thousands digit of 6597700?
9
What is the thousands digit of 10021375?
1
What is the hundred thousands digit of 7246464?
2
What is the tens digit of 3152660?
6
What is the hundreds digit of 632433?
4
What is the hundreds digit of 6796661?
6
What is the ten millions digit of 29616764?
2
What is the millions digit of 2928910?
2
What is the hundred thousands digit of 3980761?
9
What is the tens digit of 658267?
6
What is the units digit of 2125485?
5
What is the tens digit of 1042098?
9
What is the hundred thousands digit of 14592170?
5
What is the ten thousands digit of 164696?
6
What is the hundred thousands digit of 11290484?
2
What is the tens digit of 26753?
5
What is the millions digit of 2496514?
2
What is the tens digit of 524160?
6
What is the tens digit of 302782?
8
What is the hundred thousands digit of 152745?
1
What is the thousands digit of 10404491?
4
What is the thousands digit of 3875?
3
What is the ten thousands digit of 8805148?
0
What is the hundreds digit of 41402?
4
What is the millions digit of 3736953?
3
What is the thousands digit of 108767?
8
What is the ten thousands digit of 6694089?
9
What is the hundred thousands digit of 7694245?
6
What is the thousands digit of 1760096?
0
What is the ten thousands digit of 868553?
6
What is the units digit of 123824?
4
What is the thousands digit of 9244?
9
What is the units digit of 3677353?
3
What is the ten thousands digit of 355272?
5
What is the units digit of 183187?
7
What is the hundreds digit of 284533?
5
What is the hundred thousands digit of 8563272?
5
What is the ten thousands digit of 669118?
6
What is the millions digit of 4110125?
4
What is the hundreds digit of 409910?
9
What is the units digit of 2636596?
6
What is the hundreds digit of 49599?
5
What is the hundred thousands digit of 2947278?
9
What is the units digit of 466085?
5
What is the thousands digit of 89919?
9
What is the tens digit of 851723?
2
What is the units digit of 1520187?
7
What is the millions digit of 15598507?
5
What is the ten thousands digit of 18192266?
9
What is the units digit of 2219920?
0
What is the hundreds digit of 1357228?
2
What is the hundred thousands digit of 3964236?
9
What is the hundred thousands digit of 1045179?
0
What is the tens digit of 6428941?
4
What is the hundred thousands digit of 2885449?
8
What is the ten thousands digit of 54941?
5
What is the thousands digit of 5473621?
3
What is the units digit of 4746735?
5
What is the ten thousands digit of 34225?
3
What is the hundreds digit of 3538643?
6
What is the millions digit of 6873406?
6
What is the units digit of 3399585?
5
What is the hundred thousands digit of 1590562?
5
What is the thousands digit of 92210?
2
What is the units digit of 18818078?
8
What is the units digit of 1962419?
9
What is the tens digit of 244067?
6
What is the ten thousands digit of 584738?
8
What is the tens digit of 986101?
0
What is the tens digit of 593499?
9
What is the thousands digit of 339352?
9
What is the ten thousands digit of 10446553?
4
What is the thousands digit of 405817?
5
What is the units digit of 1341482?
2
What is the millions digit of 10703608?
0
What is the hundreds digit of 31111948?
9
What is the thousands digit of 812347?
2
What is the millions digit of 2113713?
2
What is the ten thousands digit of 1616822?
1
What is the units digit of 6566?
6
What is the hundreds digit of 3680802?
8
What is the tens digit of 8721757?
5
What is the thousands digit of 4391?
4
What is the ten thousands digit of 22438?
2
What is the tens digit of 3502481?
8
What is the ten thousands digit of 6168696?
6
What is the ten thousands digit of 17112762?
1
What is the thousands digit of 3410739?
0
What is the hundreds digit of 385889?
8
What is the units digit of 85388?
8
What is the ten thousands digit of 3411820?
1
What is the ten thousands digit of 8078453?
7
What is the millions digit of 3359843?
3
What is the hundred thousands digit of 729547?
7
What is the units digit of 3827271?
1
What is the hundred thousands digit of 199345?
1
What is the tens digit of 748380?
8
What is the hundred thousands digit of 226988?
2
What is the millions digit of 1992989?
1
What is the hundred thousands digit of 809772?
8
What is the tens digit of 380976?
7
What is the hundred thousands digit of 1108478?
1
What is the millions digit of 25555725?
5
What is the ten thousands digit of 434403?
3
What is the units digit of 18945355?
5
What is the units digit of 5984712?
2
What is the thousands digit of 2122073?
2
What is the units digit of 855515?
5
What is the units digit of 3042432?
2
What is the hundred thousands digit of 7444467?
4
What is the units digit of 145217?
7
What is the hundreds digit of 671260?
2
What is the hundred thousands digit of 2235742?
2
What is the hundreds digit of 202080?
0
What is the units digit of 3863075?
5
What is the hundreds digit of 2685404?
4
What is the millions digit of 8911912?
8
What is the hundreds digit of 2682950?
9
What